site number?
False
Let c = -9 + 7. Let j(v) = -72*v**3 + 3*v**2 + 2*v + 3. Is j(c) composite?
False
Suppose -2*v = 2*u - 210, u - v - 110 = 3*v. Suppose 2*b - 4*b + u = 0. Is b a prime number?
True
Let j(d) = d - 2. Let m(i) = -6*i + 11. Let b(w) = 11*j(w) + 2*m(w). Let n(r) = -12*r + 5. Let z(c) = 4*b(c) - n(c). Is z(2) a prime number?
True
Let j(g) = 8*g**2 + g + 2. Let k(l) = -l + 2. Let q be k(0). Let v be j(q). Is ((-148)/6)/((-8)/v) a composite number?
True
Is (4671 - -23)/(2 + -1) composite?
True
Suppose 5*f + 2*y = 3*f + 14, -4*f + 5*y + 1 = 0. Let x(l) = l**2 + 2*l + l**2 - f*l + 3*l. Is x(3) composite?
True
Let u be (15/(-6))/(1/(-24)*10). Suppose 5*d - u = -1, -5*d - 578 = -k. Is k a prime number?
False
Let j = -2953 - -10236. Is j a prime number?
True
Let n be 562/(-4) - 7/(-14). Let p = 2565 - n. Suppose -2*z - 3*z = -p. Is z a composite number?
False
Suppose 18*p + 43036 = 22*p - 4*o, 5*p - 53822 = -4*o. Is p composite?
True
Let r = 23 - 16. Let f(l) = -5*l - 8. Let u be f(r). Let w = u + 110. Is w prime?
True
Let f = -46 - -82. Let a be (f/54)/((-2)/6). Is 3*(325/3 + a) composite?
True
Let v(t) = 23*t**2 - 12*t + 410. Is v(-29) a composite number?
False
Let x(n) = -n**2 + 12*n + 2. Suppose -2*p = 4*v - 30, -5*p = -5*v + 1 + 14. Is x(v) prime?
False
Let o(n) = n**2 - 10*n + 2. Let c be o(10). Suppose c*m - 4 = y + y, 0 = 4*m + 3*y + 6. Suppose -2*g - g + 153 = m. Is g a composite number?
True
Let j(h) = h**2 + 3*h - 2. Let o be j(-4). Suppose -4*r - 41 = w - 456, 2 = -o*r. Is w a composite number?
False
Let o(d) be the third derivative of d**4/24 + 13*d**3/6 - 7*d**2. Let q be o(-11). Suppose q*f = 99 + 59. Is f composite?
False
Suppose -3*c + 106 = -467. Is c a prime number?
True
Let p be 3/(-51) + 61305/51. Suppose 0 = 5*k - 11 - 9, 5177 = 3*o + 2*k. Let u = o - p. Is u prime?
True
Suppose -4*b + 13443 = -13717. Let n = -4709 + b. Is n a composite number?
False
Let y = -1372 - -16841. Is y prime?
False
Let t(f) = -f**2 - 16*f + 23. Let k be t(-17). Suppose 5*a = k*a - 521. Is a composite?
False
Let k(a) = -442*a**2 + 1. Let z be k(1). Let q(b) = 49*b**2 + 9*b. Let v be q(-4). Let l = v + z. Is l a prime number?
True
Suppose 39*z - 22852 = 1076441. Is z a prime number?
False
Let n(s) = 4*s + 3. Let k be n(-2). Let l(f) = -f**3 - 6*f**2 - 5*f + 3. Let x be l(k). Suppose c = -x*c + 508. Is c composite?
False
Let h(z) = 6*z**2 + 123*z - 106. Is h(-37) a composite number?
False
Suppose 244 = -v - 5*a, 9 = -4*a - 3. Let o = -493 - v. Let t = 35 - o. Is t a composite number?
True
Let u = 107 - -50. Is u a composite number?
False
Let b be (6 + -5)/(2/1002). Let w = 55 - b. Let i = -183 - w. Is i prime?
True
Let p(l) = 186*l. Let s be p(2). Suppose -f - s = 3*f. Let y = f - -148. Is y a composite number?
True
Let p(h) = 754*h**2 - 8*h - 4. Let g(j) = 377*j**2 - 4*j - 2. Let i(f) = -7*g(f) + 4*p(f). Is i(-1) composite?
False
Let h = 119 + -124. Let m(l) = 34*l**2 + 10*l + 39. Is m(h) a composite number?
False
Let c(s) = 8*s**2 - 5*s + 1. Let w(g) = g**3 + 3*g**2 - 4*g - 4. Let v be w(-4). Is c(v) composite?
False
Suppose 0 = 2*f - 5*q - 3251, 4*f - 6496 = 4*q - 0*q. Is f composite?
True
Suppose 0*z + z - 4 = 0. Suppose -2*k - z = 4*a, 3*a - 2 = -k + 5*a. Suppose 2*g = 3*s + 53, s + 1 + 0 = k. Is g a prime number?
False
Let k(c) = -1. Let r(y) = y**3 + 3*y**2 - 4*y - 2. Let i(l) = 2*k(l) - r(l). Let q be i(-4). Suppose -6*u + 0*u + 1914 = q. Is u composite?
True
Let h(f) = 19*f - 2*f + 9*f + 1 - 8. Let a be (9/(-4))/(3/(-8)). Is h(a) a prime number?
True
Let s = -12305 + 23494. Is s prime?
False
Let f(s) = 3*s**2 - 1. Let g = 13 - 12. Let y be f(g). Suppose -q + 4*z + 18 = 0, -y*z - 99 = -5*q + 9. Is q a prime number?
False
Suppose 10 = 5*g - 0. Let t(d) = -d - 1 - 5*d**2 - g*d**3 - 3*d - 2*d - 2. Is t(-4) a composite number?
True
Is ((-15)/10)/((-9)/165666) prime?
True
Let l(o) = 40*o**2 - 12*o + 1. Let w be (1 - 6)/((-2)/(-2)). Is l(w) composite?
False
Suppose 8*x + 2 = 9*x. Suppose 4*w - x*z = z + 625, -2*w + 319 = 5*z. Is w a composite number?
False
Let v = -12 + 7. Let b(h) = -h**3 - 5*h**2 - 4. Let t be b(v). Is 420 - (-4)/(0 + t) prime?
True
Is (-49892)/(-10)*(-200)/(-16) composite?
True
Let x(v) = 249*v + 14. Let h be x(6). Suppose -4*g + h = 4*q, g - 5*q + 393 = 2*g. Is g composite?
False
Let u = 1566 - -1577. Is u composite?
True
Suppose 0 = h - 112 + 23. Let u(s) = 6*s - 2. Let w be u(-3). Let p = w + h. Is p a prime number?
False
Let w(b) = b**2 - 179*b + 4169. Is w(0) prime?
False
Let v be -2 + -1 - (2 + -1)*-8. Suppose 5*h + 700 = 5*m, 0 = 3*m - v*h + 201 - 615. Is m a prime number?
False
Suppose 7*j - 9907 = 1006. Is j a prime number?
True
Let z be (-18666)/(-30) - (-1)/(-5). Let q = 953 - z. Is q a composite number?
False
Let g be (-3 - -18)*(-15)/(-1). Let r(f) = 3*f**2 - 9*f - 22. Let h be r(-6). Let c = g - h. Is c composite?
True
Let v(b) = 49*b + 6. Let a be v(2). Suppose a*k = 110*k - 6366. Is k a prime number?
True
Suppose 5*l + 3450 = 3*t + 27886, 9769 = 2*l - 3*t. Is l a composite number?
False
Let g(i) = -i**2 - i. Let b(n) = 17*n**2 - 28*n + 19. Let k(q) = b(q) - 4*g(q). Is k(6) a prime number?
True
Let g(l) be the third derivative of -47*l**4/8 - 43*l**3/6 + l**2 - 29. Is g(-10) a prime number?
True
Suppose s + 6412 = 2*y + 2*y, -2*y - 3*s + 3220 = 0. Suppose 0*q = -4*q + y. Is q a prime number?
True
Let l(r) = -3*r**3 + r**2 + 9*r - 3125. Let b(t) = 5*t**3 - 2*t**2 - 14*t + 4687. Let q(j) = -5*b(j) - 8*l(j). Is q(0) a composite number?
True
Suppose 3*b - 6*b - f + 13153 = 0, 5*b - f - 21927 = 0. Is b prime?
False
Let t(r) = r**3 + 11*r**2 + 10*r + 1. Suppose p = -2*p - 6, -38 = 4*y + 5*p. Is t(y) composite?
False
Suppose 0 = -4*s + 1794 + 2402. Is s a prime number?
True
Let b(n) = n**2 + n. Let s be b(-2). Suppose s*f = -5*f - 63. Let z = f - -122. Is z a composite number?
False
Let x(u) = 51*u + 24. Let q(j) = 1. Let v(p) = -5*q(p) - x(p). Is v(-18) a composite number?
True
Let b(p) = -75*p**2 - 8*p + 10. Let m be b(-9). Is (-2)/10*m - (-6)/15 composite?
True
Let k = 25 - 21. Let n be 3786/18 - k/(-6). Suppose 3*s = n + 398. Is s prime?
False
Let s(v) = v**3 - 13*v**2 - 13*v + 3. Let b be s(14). Suppose 16*o + 203 = b*o. Is o a prime number?
False
Let k(x) = x**3 - 10*x**2 + x - 7. Let n be k(10). Suppose b + n*j = 1468, -j = 5*b + 3*j - 7351. Is b composite?
False
Let t be (-1994)/10 - 9/15. Let b = -73 - t. Is b a prime number?
True
Suppose -1 = -2*h + 5. Suppose -11*k + 514 = c - 6*k, 3*k = h*c - 1596. Is c composite?
True
Let t(r) = 6*r**2 - 2. Let i be t(1). Suppose -3*a = -3*s + 1590, -i*a + 2084 = 4*s + a. Is s prime?
False
Let l be (-1010)/((-20)/(-4)) - 2. Suppose 5*n + 187 = -168. Let z = n - l. Is z a composite number?
True
Let p = -4395 + 32744. Is p composite?
False
Let q(d) = d - 7. Let i(p) = 4*p - 11. Let s be i(5). Let u be q(s). Suppose 4*g + u*v = 124, -4*g + 97 + 39 = -v. Is g a composite number?
True
Let a(z) = -z**3 + 12*z**2 - 79 - 14*z + 85 + 0*z**2. Let n = 4 - -5. Is a(n) a prime number?
False
Let d = 175 + -48. Is d a composite number?
False
Let q(t) = -1 - 256*t - 2*t**2 + 257*t + 3*t**2. Let h(p) = 19*p**2 + p - 4. Let b(f) = h(f) + 3*q(f). Is b(-7) composite?
True
Let r(s) = -8*s + 69. Let f be r(10). Is (-9 - f)/(1/1) - -2147 prime?
False
Let x(h) = -547*h + 3. Let v = 13 + -15. Is x(v) a prime number?
True
Is -24*(-1)/32 - 70793/(-4) a prime number?
False
Suppose 3*a - 190 = 572. Suppose 2 = -2*q, -k - 6*q + a = -q. Is k a composite number?
True
Let v(w) = 198*w**2 - 24*w + 165. Is v(24) composite?
True
Let j be (-3 - (-3)/1)*1. Suppose 4*y - 1814 = -4*o + 2*o, -y = j. Is o composite?
False
Let o(y) = y**3 + 14*y**2 + 11*y - 11. Let c be o(-12). Suppose -c*z + 144*z + 329 = 0. Is z a composite number?
True
Let y(w) = -w**3 + 12*w**2 + 9*w - 14. Let k be y(12). Let a = k - -659. Is a composite?
True
Suppose 0 = -u, 105*w - 101*w - u - 113612 = 0. Is w a composite number?
False
Suppose -6100 - 19204 = -8*n. Is n a composite number?
False
Let u(w) = 4*w - 30*w**2 - 3 - 7*w + 6*w - w. Let r be u(2). Let b = r - -196. Is b composite?
True
Let o(n) = -16*n**2 + n + 5. Let x(m) = 16*m**2 - 2*m - 6. Let w(y) = -4*o(y) - 3*x(y). Let v be (12/24 + (-6)/(-4))*-1. Is w(v) composite?
T